of 262288841?
6
What is the tens digit of 80644239?
3
What is the hundred millions digit of 5474416897?
4
What is the tens digit of 1419396922?
2
What is the units digit of 2337734912?
2
What is the thousands digit of 582900814?
0
What is the ten thousands digit of 1094897166?
9
What is the ten thousands digit of 96661731?
6
What is the millions digit of 8845611?
8
What is the thousands digit of 188556665?
6
What is the tens digit of 96389029?
2
What is the ten thousands digit of 133523643?
2
What is the tens digit of 47733848?
4
What is the ten millions digit of 27390607?
2
What is the ten thousands digit of 115565020?
6
What is the thousands digit of 10997294?
7
What is the hundred thousands digit of 108798933?
7
What is the hundred thousands digit of 51549096?
5
What is the hundred thousands digit of 436892356?
8
What is the hundred thousands digit of 3926424955?
4
What is the ten millions digit of 18137644?
1
What is the hundreds digit of 1583302586?
5
What is the ten millions digit of 729523550?
2
What is the units digit of 285535138?
8
What is the millions digit of 27170300?
7
What is the thousands digit of 519666047?
6
What is the hundred thousands digit of 365786711?
7
What is the ten thousands digit of 367807517?
0
What is the hundred millions digit of 2766043599?
7
What is the ten thousands digit of 1836609201?
0
What is the thousands digit of 182925517?
5
What is the units digit of 4401562262?
2
What is the millions digit of 10523284?
0
What is the hundreds digit of 248898933?
9
What is the units digit of 165305108?
8
What is the hundred thousands digit of 119044792?
0
What is the ten millions digit of 148956360?
4
What is the ten thousands digit of 25866215?
6
What is the millions digit of 2240425761?
0
What is the hundreds digit of 50961448?
4
What is the hundred millions digit of 727203051?
7
What is the ten millions digit of 2885843150?
8
What is the hundred thousands digit of 16301894?
3
What is the thousands digit of 2532061710?
1
What is the hundred thousands digit of 1395207058?
2
What is the hundreds digit of 496411973?
9
What is the hundreds digit of 205804795?
7
What is the hundred millions digit of 828534266?
8
What is the millions digit of 17737751?
7
What is the hundreds digit of 712379563?
5
What is the hundred thousands digit of 265715177?
7
What is the thousands digit of 1508519079?
9
What is the hundreds digit of 94519684?
6
What is the hundred thousands digit of 4103926309?
9
What is the millions digit of 63187654?
3
What is the hundreds digit of 27565287?
2
What is the thousands digit of 2727690366?
0
What is the hundreds digit of 1154791844?
8
What is the millions digit of 54955391?
4
What is the tens digit of 154958298?
9
What is the units digit of 44589810?
0
What is the millions digit of 65291442?
5
What is the ten millions digit of 50080556?
5
What is the millions digit of 19227759?
9
What is the hundred millions digit of 1189150440?
1
What is the billions digit of 7434553462?
7
What is the hundred thousands digit of 25875996?
8
What is the tens digit of 87949087?
8
What is the units digit of 1159505996?
6
What is the hundreds digit of 242406259?
2
What is the ten millions digit of 310085721?
1
What is the thousands digit of 4140980525?
0
What is the ten thousands digit of 167216898?
1
What is the ten thousands digit of 489826174?
2
What is the ten thousands digit of 2156288675?
8
What is the units digit of 2971352769?
9
What is the millions digit of 1605827822?
5
What is the ten thousands digit of 4320022653?
2
What is the ten millions digit of 440771577?
4
What is the ten thousands digit of 116842255?
4
What is the tens digit of 2662797397?
9
What is the tens digit of 203042588?
8
What is the thousands digit of 6411092685?
2
What is the thousands digit of 48989174?
9
What is the ten thousands digit of 15497157?
9
What is the ten millions digit of 334919592?
3
What is the hundred millions digit of 742673058?
7
What is the millions digit of 43470731?
3
What is the tens digit of 56565845?
4
What is the units digit of 702528002?
2
What is the thousands digit of 62146150?
6
What is the ten thousands digit of 60441395?
4
What is the ten millions digit of 81482011?
8
What is the millions digit of 426956300?
6
What is the millions digit of 35236147?
5
What is the ten millions digit of 45470846?
4
What is the tens digit of 240935492?
9
What is the units digit of 1977475303?
3
What is the thousands digit of 164297805?
7
What is the thousands digit of 172474796?
4
What is the hundred millions digit of 1345421335?
3
What is the tens digit of 3618209747?
4
What is the thousands digit of 29845741?
5
What is the thousands digit of 33632329?
2
What is the thousands digit of 4902751955?
1
What is the hundred millions digit of 2715938992?
7
What is the hundreds digit of 9594228?
2
What is the units digit of 29286651?
1
What is the units digit of 61980647?
7
What is the ten millions digit of 191321838?
9
What is the hundred thousands digit of 56261094?
2
What is the ten thousands digit of 812873100?
7
What is the hundred millions digit of 354072507?
3
What is the hundreds digit of 18210271?
2
What is the units digit of 75726350?
0
What is the ten millions digit of 75311651?
7
What is the hundred millions digit of 136758981?
1
What is the units digit of 30185058?
8
What is the tens digit of 2403629009?
0
What is the units digit of 140533027?
7
What is the ten thousands digit of 227682637?
8
What is the hundreds digit of 107166274?
2
What is the hundred thousands digit of 2726498409?
4
What is the hundred millions digit of 641572700?
6
What is the tens digit of 250317765?
6
What is the units digit of 1701412306?
6
What is the hundreds digit of 24132412?
4
What is the thousands digit of 274615291?
5
What is the hundred thousands digit of 652147949?
1
What is the ten thousands digit of 331796460?
9
What is the thousands digit of 792942170?
2
What is the ten thousands digit of 101773491?
7
What is the ten thousands digit of 47458485?
5
What is the thousands digit of 27403152?
3
What is the units digit of 873954503?
3
What is the billions digit of 4591496099?
4
What is the millions digit of 1154746100?
4
What is the tens digit of 9299050?
5
What is the billions digit of 3487882514?
3
What is the thousands digit of 13987865?
7
What is the ten millions digit of 58531655?
5
What is the units digit of 2246810150?
0
What is the tens digit of 59448373?
7
What is the millions digit of 7213046?
7
What is the hundreds digit of 8772503?
5
What is the ten millions digit of 103794791?
0
What is the tens digit of 21376333?
3
What is the hundred thousands digit of 34291393?
2
What is the hundred thousands digit of 43963985?
9
What is the units digit of 116547963?
3
What is the tens digit of 832044136?
3
What is the tens digit of 75308822?
2
What is the hundreds digit of 373017085?
0
What is the hundred millions digit of 414068532?
4
What is the tens digit of 162135224?
2
What is the thousands digit of 711777914?
7
What is the hundred millions digit of 145111687?
1
What is the thousands digit of 185149805?
9
What is the millions digit of 1215586395?
5
What is the ten thousands digit of 1319038578?
3
What is the hundred thousands digit of 1294827701?
8
What is the ten thousands digit of 54008428?
0
What is the tens digit of 339474703?
0
What is the ten millions digit of 2983894220?
8
What is the tens digit of 1201388628?
2
What is the ten millions digit of 2250356218?
5
What is the thousands digit of 517247131?
7
What is the units digit of 3178312258?
8
What is the hundred thousands digit of 628022897?
0
What is the thousands digit of 597101117?
1
What is the hundreds digit of 1976141121?
1
What is the millions digit of 41755941?
1
What is the thousands digit of 32755181?
5
What is the millions digit of 472490632?
2
What is the tens digit of 271010040?
4
What is the tens digit of 249975616?
1
What is the units digit of 40894837?
7
What is the thousands digit of 55628541?
8
What is the units digit of 81168969?
9
What is the hundreds digit of 17380366?
3
What is the units digit of 1401808?
8
What is the units digit of 1370840141?
1
What is the millions digit of 3314713930?
4
What is the hundred thousands digit of 351114779?
1
What is the units